 25*b + 1. Let x = -18 + 24. Suppose -12 = -x*c - 6. Give z(c).
26
Let h(x) = -11*x - x**2 - 13*x + 23*x - 1. Let q(s) = -s**2 - 12*s + 3. Let j be q(-12). Let w be 5 + (j + -6)*1. Calculate h(w).
-7
Let v = -739 + 727. Let h(g) = 4*g**2 + 44*g - 49. Calculate h(v).
-1
Let f(n) be the third derivative of 0 + 80*n**2 + 0*n - n**3 - 1/24*n**4. Give f(-7).
1
Let c(q) = 5*q + 2*q - 5 + 3*q - 20*q. Let z be ((-6)/(-18))/((-1)/12). Give c(z).
35
Let l(s) = -29*s**2 + 3*s - 51. Let n(d) = 5*d**2 - d + 1. Let g(m) = -l(m) - 6*n(m). What is g(6)?
27
Let v(y) = 48*y**2 - 8*y - 14*y - 50*y**2 + 28. Let j be v(-12). Let n(s) = -s**2 + 10*s - 2. What is n(j)?
22
Let c(v) = v**2 - 4*v + 2. Let x = -78 - -69. Let a be (6/x)/(-2)*-39. Let i(s) = 2*s**2 + 26*s + 4. Let k be i(a). What is c(k)?
2
Let y(z) = -4*z - 2. Let g(b) = -3*b - 1. Let w(f) = -3*g(f) + 2*y(f). Suppose 3*l - s - 8 = 3*s, 4 = 4*l - 4*s. What is w(l)?
-5
Suppose 0 = 5*k + 4*j - 66, -12 = k + 5*j - 42. Suppose 0*u - k*u + 40 = 0. Let d(w) = 7*w. Determine d(u).
28
Let a(n) be the second derivative of n**5/20 - 37*n**4/12 + 131*n**3/6 + 21*n**2 + 2339*n. Determine a(33).
9
Suppose 1 + 1 = k. Let v(d) be the second derivative of d**3/6 - 406*d. Let m(r) = 18*r - 1. Let s(o) = k*v(o) - m(o). Give s(-1).
17
Let z be (-112)/6*24/(-32). Suppose 10*t - z*t - 36 = 0. Let m(r) = -r**3 - 9*r**2 - r - 9. What is m(t)?
0
Let o(n) = 3*n + 32. Let y be (-8)/(-4)*(98/(-20) + 27/(-45)). What is o(y)?
-1
Let u(m) = 14*m + 94. Suppose -957*q = -5*z - 955*q - 34, 4*z + 3*q = -18. What is u(z)?
10
Let q be (2 + 1)*(-4)/(-6). Suppose q*b = 4*b - 6. Let y(l) be the second derivative of l**3 - l**2/2 + 659*l + 78. What is y(b)?
17
Let v(m) = 5*m**2 + 6*m - 6. Let j(x) = 11*x**2 + 10*x - 10. Let h(w) = -4*j(w) + 7*v(w). Give h(1).
-9
Let u be 5 + (-1)/(2/13)*2. Let a be 408/(-153) - (2 - u/(-3)). Let s(y) = 4*y + 1. Determine s(a).
-7
Let t(x) be the second derivative of -x**3/3 - 31*x**2/2 - 2*x + 26. Give t(-13).
-5
Let i = 78 - 395. Let s = i - -309. Let d(o) = o**3 + 7*o**2 - 5*o + 9. What is d(s)?
-15
Suppose 16*o - 7*o = 0. Suppose -8 = -5*p + 2, 2*k - 2*p - 2 = o. Let b(x) = 4*x + k*x + 6 - x - 3*x. Calculate b(-5).
-9
Let j(u) = 2 - 7*u**3 + 6*u**3 + u**2 - 4*u**2 + 0 + u. Let v = -180 + 182. Determine j(v).
-16
Let l be ((-4)/10*-4)/((-60)/(-75)). Let y(v) be the third derivative of 0 + 1/120*v**6 + 3/2*v**3 - 7/60*v**5 + 0*v - 7*v**l - 1/12*v**4. What is y(7)?
-5
Let c(w) = 4*w**3 - 25*w**2 + 4*w - 2. Let n be -6*((-1)/(6 - 246/42) + 6). Determine c(n).
-14
Suppose 6*v - 4*l - 92 = 4*v, 5*v - l = 221. Let j = v - 63. Let s = j - -24. Let d(t) = t - 5. What is d(s)?
0
Let u be (66/10 - 1)*(-150)/6. Let g = u - -133. Let w(i) = 2*i + 10. Give w(g).
-4
Let u(c) be the second derivative of -c**5/60 - c**4/24 - 2*c**3 + 13*c**2 - 38*c. Let i(p) be the first derivative of u(p). What is i(0)?
-12
Let y(i) = i**3 + 25*i**2 + 101*i + 1271. Let w be y(-23). Let j(s) = -s**3 + 6*s**2 + 3*s - 10. Determine j(w).
8
Let h(d) be the first derivative of 22*d**3/3 - d**2/2 + d - 845. Give h(1).
22
Let i = -293 - -273. Let t be 425/(-34)*(-16)/i. Let l(y) = y**3 + 9*y**2 - 9*y. Calculate l(t).
-10
Let y be (-2 - -2) + 2 + (-81)/(-3). Let l(g) = -2 + y*g + 0 + 4 - 27*g. Determine l(-6).
-10
Let i(k) = 95992 + 96030 - 192277 - 22*k - 9*k. What is i(-9)?
24
Let q(z) = 22*z + 1877. Let w be q(-86). Let h(t) = -t**2 - 20*t - 37. Give h(w).
38
Suppose 7*i - 175 = 12*i. Let b = -32 - i. Let l(h) be the first derivative of h**3/3 - h**2 - 1. Give l(b).
3
Let q(h) = 7*h**2 + 3*h + 1. Suppose -27*v - 155 = 41*v - 427. Determine q(v).
125
Let w be 74/14 + 2/(-7). Let m(g) be the first derivative of g**5/120 + g**4/12 + 4*g**3/3 + 4. Let o(n) be the third derivative of m(n). Determine o(w).
7
Let k(z) = 2*z - 1. Let g(x) = -x**3 + 2*x**2 - 7*x + 5. Let y be 5 + (12/4 - 6). Let i be g(y). Let m = -11 - i. Calculate k(m).
-5
Let l(y) = 2*y + 4*y - 16917 + 16919. Let s(r) = -r - 1. Let g(z) = -l(z) - 5*s(z). Calculate g(9).
-6
Suppose -1 = -4*h + 7. Let j be (15 - 17)*1/(4/h). Let q(z) = 16*z**3 - 2*z**2 - 2*z - 1. Give q(j).
-17
Suppose 24*y + 29 = 4*t + 25*y, 5*t - 36 = -y. Let u(k) = k**2 - 7*k + 14. Determine u(t).
14
Let x(p) = 25 + 1 + 3 - 30 + 2. Let q(g) = -9*g + 44. Let d(n) = 13*n - 66. Let h(u) = -5*d(u) - 7*q(u). Let k(y) = h(y) - 12*x(y). Calculate k(10).
-10
Let w be (4 + 14/(-5))/(3/5). Let k(n) be the first derivative of -4*n + 3 + n**w - n**3 + 1/4*n**4. Calculate k(3).
2
Let s = 5504 - 5508. Let c(n) = 0*n**2 + 5*n - 2*n**3 - 2*n**2 - n**2 + n**3 + 3. What is c(s)?
-1
Let a(x) = -2*x - 5 + 5 - 14. Suppose -125 = -4*u + 4*q - 117, -q = 5*u + 32. What is a(u)?
-4
Let n(p) = -2*p + 2. Let m be (-5 + 0)*(-24)/15. Let b be (1/(-4))/((-4)/m)*6. Suppose b*u + 30 = -2*y + 5*y, 2*y + u - 8 = 0. Calculate n(y).
-10
Let n(x) = -2*x**3 + 15*x**2 + 15*x + 107. Let y be n(9). Let j(p) = 25*p**3 - p**2 - 2*p. Determine j(y).
-24
Let j be (4/(-3))/(764/(-126) - -6). Let l(r) = -r**3 + 20*r**2 + 20*r + 37. Determine l(j).
16
Let f(s) = -5*s + 41. Let h be f(7). Let m be (-10)/h + 2 + 154/33. Suppose -3 - 7 = m*q. Let a(g) = -5*g - 2. Give a(q).
8
Let j(q) = -2*q + 7. Let s(i) = -11*i - 15. Let c be s(-2). Suppose 0 = g + c*g - 40. Determine j(g).
-3
Let y(x) = 5*x + 7. Let h(z) be the third derivative of 2*z**4/3 + 23*z**3/6 + 30*z**2. Let u(i) = 6*h(i) - 19*y(i). Give u(-5).
0
Let o(w) be the second derivative of -w**4/12 + 5*w**3/2 - 15*w**2/2 - 106*w - 7. Give o(12).
21
Suppose 0*i - 3*i + 18 = -3*s, -24 = -4*i - 2*s. Suppose -18*p + 30 = -i. Let o(g) = 4*g**2 - 2*g. Give o(p).
12
Let z be -18 + (-37)/6 + (-4)/(-24) + 5. Let i(d) = -d**3 - 19*d**2 - 3*d - 40. What is i(z)?
17
Let r(b) = -b + 1. Suppose -5*o = 9 + 1. Let f = -29 - o. Let t = f + 23. Calculate r(t).
5
Let l(p) = 2*p**2 + 19*p + 38. Let z be l(-6). Let b be 2*(z + (-30)/(-12)). Let k(g) = -12*g - 3. What is k(b)?
33
Let w(n) = 90 - 316 - 187*n - 256 + 117*n. Calculate w(-7).
8
Let g be (-2)/(-8)*(-6 + 196/14). Let y(d) = 6*d**2. Give y(g).
24
Let m(z) = -z**3 + 48*z**2 - 14*z + 665. Let v be m(48). Let l(q) = 10*q**2 + 73*q + 18. What is l(v)?
-3
Let t(j) = -29*j**2 - 8*j - 195. Let b(r) = 33*r**2 + 10*r + 222. Let q(d) = -7*b(d) - 8*t(d). Let p be -1*2 + 11 + -2. Give q(p).
13
Let c be (3/(-12))/(132/(-1584)). Let j(h) = h**3 + 5*h**2 - 5*h + 6. Calculate j(c).
63
Suppose 6*g - 2 - 10 = 0. Let t(w) = g*w**2 - 2*w - 29 + 29. Let h be t(1). Let r(f) = f**2 + f - 2. Determine r(h).
-2
Let w(p) = 2*p**3 + p**2 - p - 1. Let v(m) = -5*m**3 - 11*m**2 + m + 1. Let t(b) = -v(b) - 2*w(b). Calculate t(-9).
-8
Let i(h) = -3*h**3 + h**2 - 3*h - 3. Let k be 5 + 4085/(-855) + (20/9)/(-1). Give i(k).
31
Suppose 269*x - 266*x - 6 = -4*t, 5*t + 2 = x. Let b(p) = p**3 - 3*p**2 + p + 2. Calculate b(x).
0
Let h(o) be the first derivative of -o**4/4 + 9*o**3 + 14*o - 1956. What is h(27)?
14
Let f(p) = -20*p - 1. Let v(u) = -16*u - 1. Let y(q) = 5*f(q) - 6*v(q). Let i(n) = 2*n - 1. Let j(t) = -4*i(t) + y(t). Calculate j(2).
-19
Let z(r) = r + 6. Suppose -4*m = 17 + 3. Let x be z(m). Let y(t) = -49*t**3 - 53*t**3 + 194 + t + 3*t**2 + 108*t**3 - 195 - 3*t**2. What is y(x)?
6
Suppose 10*w + 138 = 8. Let h be (-67)/w + (-8)/52. Let d(g) = h*g**2 + g**3 + 80*g - 35*g - 40*g + 2. Calculate d(-4).
-2
Suppose 0 = -3*n - 53 + 158. Let g(p) = p**3 - 36*p**2 + 36*p - 35. Calculate g(n).
0
Let p(o) = o**3 + 11*o**2 + 11*o + 2. Let r be ((-7)/2 - -2)/(6/(-16)). Suppose 58 = -8*a + 3*a - r*m, 5*a + 60 = -5*m. Determine p(a).
-8
Let i(p) = -3*p**2 - 92*p + 122. Let c be i(-32). Suppose -5 = -5*t + 10, 2*o + 8 = 4*t. Let b(h) = -3*h**o - 1 - 2 + 6*h + 4*h**2 + 8. Give b(c).
5
Let o(r) be the third derivative of -r**4/24 + r**3/6 + 2*r**2. Let n(q) = -q**2 - 2*q + 8. Let x be n(2). Let u be (x + -2)/(16/(-56)). Give o(u).
-6
Let q(r) = 3*r**2 - 101*r + 130. Let o(z) = z**2 - 34*z + 49. Let k(j) = 11*o(j) - 4*q(j). Give k(26).
123
Let n(g) be the first derivative of 7/2*g**2 + 5*g - 53. Determine n(-5).
-30
Let o(z) = 139*z + 63. Let t(c) = 56*c + 31. Let d(l) = -2*o(l) + 5*t(l). Determine d(-18).
-7
Let j(p) = -p. Let a(m) = 1. Let c(s) = -2*a(s) - j(s). Let k = 295 - 924. Let h = k - -625. Calculate c(h